Let r(n) = 23*n**2 + 3*n. Let b be r(-3). Calculate the greatest common factor of f and b.
18
Let a = 11 - 5. Let b be (-321)/(-9) + 2/6. What is the greatest common factor of a and b?
6
Let k(s) = -s**3 - s**2. Let h be k(-1). Suppose h = 4*p + p - 50. Suppose 0*t - 3*t = -75. What is the greatest common divisor of p and t?
5
Suppose 0 = -2*j + 3*d - 1, -15 = -2*j + 7*j - 5*d. Let y(s) = -1 - 5*s + s + 3*s. Let u be y(j). What is the greatest common divisor of 21 and u?
7
Suppose a + 0*a - 1 = 0, -3*w - 4*a + 769 = 0. Calculate the highest common factor of 51 and w.
51
Let k(r) = -r**3 + 8*r**2 - 5*r + 5. Let u be k(5). What is the highest common divisor of u and 22?
11
Let b = 144 - 89. Calculate the greatest common divisor of 5 and b.
5
Let f = 12 + -3. Let h be (-8)/12*-16*f. Calculate the highest common divisor of h and 24.
24
Let m be (-5)/(-3 + 24/9). What is the greatest common divisor of 105 and m?
15
Let j = 65 + -25. What is the greatest common divisor of 8 and j?
8
Let u(p) be the first derivative of -p**4/4 + 11*p**3/3 - 5*p**2 + 5*p + 1. Let y be u(10). Suppose -22 = -g - 2. What is the highest common factor of g and y?
5
Let g(v) = v**3 + 9*v**2 - 11*v. Let x be (2/6)/((-1)/(-3)). Let y be (x/(-1))/((-3)/(-30)). Let o be g(y). Calculate the greatest common divisor of o and 5.
5
Suppose -5*o = -3*a + 95, 2*a + 4*o = 2*o + 58. Let i be (0 - -2 - 2) + 15. Calculate the highest common divisor of a and i.
15
Let k = -12 - 37. Let a = k + 76. Calculate the highest common divisor of 297 and a.
27
Let k(p) = p**2 + 1 - 15*p**3 + 4*p**3 + p + 0. Let i be k(-1). Let b = -22 - -40. What is the highest common factor of i and b?
6
Let f be ((-4)/3)/2*(-56 - -14). Let z(g) = -g**2 - 6*g - 4. Let b be z(-4). What is the highest common divisor of f and b?
4
Let q = -8 - -10. What is the highest common factor of q and 8?
2
Suppose -4*r - 5*x = -2*r - 134, 3*r = -4*x + 208. What is the greatest common divisor of 9 and r?
9
Let o(w) = 16*w + 1. Let d be o(1). Let g = -211 - -330. Calculate the greatest common divisor of d and g.
17
Suppose -5 = -5*p + 5. Suppose k + p*k = 99. Calculate the highest common divisor of 3 and k.
3
Let g(p) = 60*p**2 - p - 1. Let o(a) = -3*a + 2. Let c be o(1). Let f be g(c). Calculate the highest common factor of 15 and f.
15
Suppose 2*g - 5*v - 6 = 0, -9 = 3*g + 5*v - 43. Let o be g - 4 - 32/(-2). Calculate the greatest common divisor of o and 4.
4
Let f = 42 - -91. Suppose -5*u = 2*q + 111, -2*u - 2*u + 327 = -5*q. Let l = f + q. Calculate the highest common factor of l and 14.
14
Let f be ((-6)/(-5))/((-6)/(-20)). Suppose -5*x = -x - 8. Suppose -x*g + 108 = g. Calculate the highest common factor of f and g.
4
Let o be 3*((-348)/(-9))/2. Let n be 201/7 - (5 + (-185)/35). What is the greatest common divisor of o and n?
29
Let c be 114 + -1 - (0 + 1). Suppose t - 5*z = 2 + 2, 0 = -2*t - 3*z - 5. Let q be (-4)/(-1*t/(-4)). Calculate the highest common factor of q and c.
16
Suppose 4*o - 5*t = 17, o + 2*t = 3*t + 5. Let v = 9 + -15. Let h be (v/(-9))/(3/324). What is the greatest common factor of o and h?
8
Suppose -k + 11 = z, 5*k - 41 = k - 3*z. Calculate the highest common factor of k and 16.
8
Let p(a) = -a**2 - a + 34. Let m be p(0). Calculate the greatest common divisor of m and 374.
34
Suppose 0 = -n + 3 - 1, -n - 28 = -5*c. Let m(f) = -9*f - 3. Let z be m(-3). What is the greatest common divisor of z and c?
6
Let f = 23 - 15. Suppose 4*t = -0*t + f. Let h = 8 + -5. What is the greatest common divisor of t and h?
1
Suppose -5*i = 3*b + 4, -2*b + 4*i = b - 41. Let a be 153/2 - 2/(-4). Calculate the greatest common divisor of a and b.
7
Suppose s + 17 - 64 = -3*i, -5*i + 83 = 4*s. What is the greatest common divisor of 6 and i?
3
Let j(r) = r**3 - 2*r + 1. Let a be j(3). Let t(k) = -k**3 - 11*k**2 - 11*k - 8. Let w be t(-10). What is the highest common factor of w and a?
2
Suppose -2*a + 2*o = -32, 5*o = a - 6*a + 60. Calculate the greatest common divisor of 21 and a.
7
Let c(p) = -6*p - 4 + p**2 + 4 - 3 - 4. Let g be c(8). Calculate the greatest common factor of g and 45.
9
Let t be (-15)/(-1) - (2 - 0). What is the greatest common divisor of t and 117?
13
Let k be 20/(-8)*(84/(-5))/2. What is the greatest common divisor of 105 and k?
21
Suppose 24*q - 40 = 20*q. Suppose -100 = 2*d - 4*d. What is the greatest common divisor of d and q?
10
Let v = 78 - 62. Calculate the greatest common factor of v and 112.
16
Let l be 2/(-8) + (-57)/(-4). Let d be 82/7 + 4/l. What is the highest common divisor of 96 and d?
12
Let o be 1*-7*(-4 + 1). Let i be 6 - (-2)/(-4)*6. What is the highest common factor of o and i?
3
Suppose 15*w - 41 - 259 = 0. Calculate the greatest common factor of w and 180.
20
Let h(z) = -7*z - 5. Let t(u) = -u**3 + u**2 + 3*u + 1. Let f be t(3). Let g be h(f). What is the greatest common factor of g and 34?
17
Let t be (-128)/(-6) + (-3)/9. Let d be (-30)/(-9) + (-1)/3. Suppose 23 = 2*p - h, -3*p + 0*h - d*h = -57. What is the highest common divisor of t and p?
7
Suppose -j + 146 = 2*v + 4*j, 5*j = -4*v + 272. Suppose -3 - 57 = 4*h. Let y be 5*((-54)/h)/2. What is the greatest common divisor of v and y?
9
Suppose -2*h + 2*j + j + 249 = 0, h = 5*j + 121. What is the highest common divisor of 14 and h?
14
Let w = 209 - 649. Let k be w/(-28) + (-2)/(-7). What is the greatest common factor of 2 and k?
2
Let q(g) = -g**2 - 14*g - 14. Let b be q(-13). Suppose 5*k - 17 = 2*p - 3, 24 = 4*p + 3*k. Let v be b*(1 - 5)*p. What is the greatest common factor of 30 and v?
6
Suppose 12 = 3*n, 2*o - 3*n = 29 + 103. What is the greatest common divisor of o and 8?
8
Let v be (2 + -1)/(3/6). Let r = v + 14. Calculate the highest common factor of r and 32.
16
Let h(y) = -y**3 + 5*y**2 + 9*y - 14. Let m(x) = x**3 - 7*x**2 + 8*x - 6. Let r be m(6). Let d be h(r). Calculate the highest common factor of 12 and d.
4
Let k(f) = -4*f - 10. Let a be k(-8). Suppose -3*z + y + a = 0, -2*z - 3*y + 6 = -8*y. What is the highest common divisor of 72 and z?
8
Let q be (40*1)/(6/9). Let o(n) = -4*n - 2. Let h be o(-1). Suppose 4*x + x + 12 = t, 0 = -5*t + h*x + 60. What is the greatest common factor of q and t?
12
Suppose 3*h - f - 2*f - 18 = 0, -h + 3*f + 8 = 0. Suppose n + 2*l - 84 = 0, h*l - 165 = -3*n + n. Calculate the greatest common factor of 10 and n.
10
Let o be (1*70/(-21))/(1/(-18)). What is the greatest common divisor of 24 and o?
12
Suppose -2*l - 3*l - 325 = -3*h, -h = l - 103. Calculate the highest common factor of h and 15.
15
Let u be (11 + -18)*(1 - 3). Let l(i) = i**2 - 5*i - 10. Let y be l(7). Suppose y = w, -h - 5*w = -0*h - 34. Calculate the highest common divisor of u and h.
14
Let i(p) be the second derivative of -p**5/20 + 11*p**4/12 - 13*p**3/6 + 5*p**2 + 5*p. Let t be i(9). Calculate the greatest common factor of 22 and t.
11
Let r = 7 + -4. Suppose -5*a + 126 + 294 = 5*q, -2*a = r*q - 164. What is the greatest common divisor of a and 11?
11
Let k(x) = x**2 + 4*x + 1. Let g be k(-5). Let j(i) = -i + 7. Let b be j(g). Suppose 0 = -v + 14 + b. Calculate the highest common divisor of 5 and v.
5
Let d = 11 + -3. Let y(g) = -g + 32. Let m be y(0). Calculate the highest common factor of d and m.
8
Let c(k) = -k**3 + 2*k**2 + 4*k - 4. Let j be c(3). Let p = -7 - -7. Let b be 120 - p - (1 + j). Calculate the highest common divisor of b and 15.
15
Let t(m) = m**2 - 8*m - 15. Let c be t(15). Suppose -4*f + 43 - 3 = 0. Calculate the highest common factor of c and f.
10
Let b = 74 + -44. Calculate the highest common factor of b and 30.
30
Let u = 67 + -25. Let l be 21/(-14)*-2*1. Suppose l*q - 3*g = 57, 24 = -2*q + 3*q - 2*g. Calculate the greatest common factor of q and u.
14
Let q be 4/(-12) + 212/6. Suppose 0 = m - 4 - 0. Suppose -5 - 23 = -m*z. What is the highest common divisor of q and z?
7
Let u be -7 - -9 - -1*13. What is the highest common divisor of u and 105?
15
Let m = -1 - -1. Suppose m = f - 5*u - 118, 4*f = u - 3*u + 516. What is the greatest common factor of f and 16?
16
Let z = 74 - -168. Calculate the greatest common divisor of z and 22.
22
Let f = -11 - -5. Let y(d) = -d**3 - 6*d**2 - 3*d + 6. Let r be y(f). Calculate the highest common factor of 36 and r.
12
Suppose 3 = -4*n + 203. Calculate the great